{"id":282,"date":"2021-10-26T15:21:04","date_gmt":"2021-10-26T13:21:04","guid":{"rendered":"https:\/\/nixmuss.digital\/?page_id=282"},"modified":"2021-12-14T14:04:05","modified_gmt":"2021-12-14T13:04:05","slug":"digitalisierung","status":"publish","type":"page","link":"https:\/\/nixmuss.digital\/index.php\/digitalisierung\/","title":{"rendered":"Digitalisierung"},"content":{"rendered":"\n<p>Hier findest du Informationen zu unseren Kursen rund um Digitalisierung, Privatsph\u00e4re, B\u00fcrgerrechte und vieles mehr. Die Fortbildung finden in Workshops vor Ort und im Rahmen von Treffen in entspannter Umgebung statt. Bei unseren Terminen findest Du die n\u00e4chsten Veranstaltungen.<\/p>\n\n\n\n<div class=\"wp-block-group\"><div class=\"wp-block-group__inner-container is-layout-flow wp-block-group-is-layout-flow\">\n<div class=\"wp-block-columns is-layout-flex wp-container-core-columns-is-layout-28f84493 wp-block-columns-is-layout-flex\">\n<div class=\"wp-block-column is-layout-flow wp-block-column-is-layout-flow\" style=\"flex-basis:100%\">\n<figure class=\"wp-block-gallery columns-1 is-cropped wp-block-gallery-1 is-layout-flex wp-block-gallery-is-layout-flex\"><ul class=\"blocks-gallery-grid\"><li class=\"blocks-gallery-item\"><figure><img loading=\"lazy\" decoding=\"async\" width=\"1024\" height=\"344\" src=\"https:\/\/nixmuss.digital\/wp-content\/uploads\/2021\/11\/softwareHeader1024-1.jpg\" alt=\"\" data-id=\"393\" data-full-url=\"https:\/\/nixmuss.digital\/wp-content\/uploads\/2021\/11\/softwareHeader1024-1.jpg\" data-link=\"https:\/\/nixmuss.digital\/index.php\/digitalisierung\/softwareheader1024-1\/\" class=\"wp-image-393\" srcset=\"https:\/\/nixmuss.digital\/wp-content\/uploads\/2021\/11\/softwareHeader1024-1.jpg 1024w, https:\/\/nixmuss.digital\/wp-content\/uploads\/2021\/11\/softwareHeader1024-1-300x101.jpg 300w, https:\/\/nixmuss.digital\/wp-content\/uploads\/2021\/11\/softwareHeader1024-1-768x258.jpg 768w\" sizes=\"auto, (max-width: 1024px) 100vw, 1024px\" \/><\/figure><\/li><\/ul><\/figure>\n<\/div>\n<\/div>\n<\/div><\/div>\n\n\n\n<div class=\"wp-block-columns is-layout-flex wp-container-core-columns-is-layout-28f84493 wp-block-columns-is-layout-flex\">\n<div class=\"wp-block-column is-layout-flow wp-block-column-is-layout-flow\">\n<figure class=\"wp-block-image size-full\"><img loading=\"lazy\" decoding=\"async\" width=\"300\" height=\"169\" src=\"https:\/\/nixmuss.digital\/wp-content\/uploads\/2021\/12\/universalwidget300px-1.jpg\" alt=\"\" class=\"wp-image-417\"\/><\/figure>\n\n\n\n<p>Hab ich niXzuverbergen? Grundlagen zur Digital-isierung, Medienkompetenz und Privatsph\u00e4re<\/p>\n<\/div>\n\n\n\n<div class=\"wp-block-column is-layout-flow wp-block-column-is-layout-flow\">\n<figure class=\"wp-block-image size-full\"><img loading=\"lazy\" decoding=\"async\" width=\"300\" height=\"168\" src=\"https:\/\/nixmuss.digital\/wp-content\/uploads\/2021\/12\/Fediverse300px.png\" alt=\"\" class=\"wp-image-496\"\/><\/figure>\n\n\n\n<p>Was uns im Internet nervt und wie wir es abstellen. Sicheres Reisen im Internet und Abk\u00fcrzungen.<\/p>\n<\/div>\n\n\n\n<div class=\"wp-block-column is-layout-flow wp-block-column-is-layout-flow\">\n<figure class=\"wp-block-image size-full\"><img loading=\"lazy\" decoding=\"async\" width=\"300\" height=\"162\" src=\"https:\/\/nixmuss.digital\/wp-content\/uploads\/2021\/12\/LineageOS300px.png\" alt=\"\" class=\"wp-image-497\"\/><\/figure>\n\n\n\n<p>Privatsph\u00e4re jenseits des Browsers. Eigene Cloud, alternative Handysysteme, Shopping etc.<\/p>\n<\/div>\n<\/div>\n\n\n\n<div class=\"wp-block-columns is-layout-flex wp-container-core-columns-is-layout-28f84493 wp-block-columns-is-layout-flex\">\n<div class=\"wp-block-column is-layout-flow wp-block-column-is-layout-flow\">\n<figure class=\"wp-block-image size-full\"><img loading=\"lazy\" decoding=\"async\" width=\"300\" height=\"168\" src=\"https:\/\/nixmuss.digital\/wp-content\/uploads\/2021\/12\/Krypto300px.png\" alt=\"\" class=\"wp-image-489\"\/><\/figure>\n\n\n\n<p>Kryptoparty<\/p>\n<\/div>\n\n\n\n<div class=\"wp-block-column is-layout-flow wp-block-column-is-layout-flow\">\n<figure class=\"wp-block-image size-full\"><img loading=\"lazy\" decoding=\"async\" width=\"299\" height=\"169\" src=\"https:\/\/nixmuss.digital\/wp-content\/uploads\/2021\/12\/Devices300px.png\" alt=\"\" class=\"wp-image-492\"\/><\/figure>\n\n\n\n<p>Der Alu-Hut, USB-Kleber und Honigt\u00f6pfe. Beleuchtung von besonderen Methoden zur Sicherheit und einem Spritzer Humor plus Literaturabende f\u00fcr Datenfreunde. Von Attack Surface bis zu Snow Crash.<\/p>\n<\/div>\n\n\n\n<div class=\"wp-block-column is-layout-flow wp-block-column-is-layout-flow\">\n<figure class=\"wp-block-image size-full\"><img loading=\"lazy\" decoding=\"async\" width=\"300\" height=\"169\" src=\"https:\/\/nixmuss.digital\/wp-content\/uploads\/2021\/12\/Tails-300px.png\" alt=\"\" class=\"wp-image-490\"\/><\/figure>\n\n\n\n<p>Installationsparty mit Tails.  Die Linux-Distribution sch\u00fctzt die Anonymit\u00e4t und Privatsph\u00e4re von Nutzern. <\/p>\n<\/div>\n<\/div>\n\n\n\n<p> <\/p>\n","protected":false},"excerpt":{"rendered":"<p>Hier findest du Informationen zu unseren Kursen rund um Digitalisierung, Privatsph\u00e4re, B\u00fcrgerrechte und vieles mehr. Die Fortbildung finden in Workshops vor Ort und im Rahmen von Treffen in entspannter Umgebung statt. Bei unseren Terminen findest Du die n\u00e4chsten Veranstaltungen. Hab ich niXzuverbergen? Grundlagen zur Digital-isierung, Medienkompetenz und Privatsph\u00e4re Was uns im Internet nervt und wie<a class=\"more-link\" href=\"https:\/\/nixmuss.digital\/index.php\/digitalisierung\/\"><span class=\"screen-reader-text\">&#8222;Digitalisierung&#8220;<\/span> weiterlesen<\/a><\/p>\n","protected":false},"author":2,"featured_media":0,"parent":0,"menu_order":0,"comment_status":"closed","ping_status":"closed","template":"","meta":{"footnotes":""},"class_list":["post-282","page","type-page","status-publish","hentry","entry"],"_links":{"self":[{"href":"https:\/\/nixmuss.digital\/index.php\/wp-json\/wp\/v2\/pages\/282","targetHints":{"allow":["GET"]}}],"collection":[{"href":"https:\/\/nixmuss.digital\/index.php\/wp-json\/wp\/v2\/pages"}],"about":[{"href":"https:\/\/nixmuss.digital\/index.php\/wp-json\/wp\/v2\/types\/page"}],"author":[{"embeddable":true,"href":"https:\/\/nixmuss.digital\/index.php\/wp-json\/wp\/v2\/users\/2"}],"replies":[{"embeddable":true,"href":"https:\/\/nixmuss.digital\/index.php\/wp-json\/wp\/v2\/comments?post=282"}],"version-history":[{"count":5,"href":"https:\/\/nixmuss.digital\/index.php\/wp-json\/wp\/v2\/pages\/282\/revisions"}],"predecessor-version":[{"id":498,"href":"https:\/\/nixmuss.digital\/index.php\/wp-json\/wp\/v2\/pages\/282\/revisions\/498"}],"wp:attachment":[{"href":"https:\/\/nixmuss.digital\/index.php\/wp-json\/wp\/v2\/media?parent=282"}],"curies":[{"name":"wp","href":"https:\/\/api.w.org\/{rel}","templated":true}]}}