{"id":233,"date":"2021-10-26T12:01:14","date_gmt":"2021-10-26T10:01:14","guid":{"rendered":"https:\/\/nixmuss.digital\/?page_id=233"},"modified":"2021-10-26T12:39:11","modified_gmt":"2021-10-26T10:39:11","slug":"was-genau","status":"publish","type":"page","link":"https:\/\/nixmuss.digital\/index.php\/was-genau\/","title":{"rendered":"Was genau?"},"content":{"rendered":"\n<p><strong>Nachbarschaftshilfe auf digital:<\/strong><\/p>\n\n\n\n<p>Durch Praxisangebote im Gro\u00dfraum Dortmund m\u00f6chten wir Interesse und ein grunds\u00e4tzliches Verst\u00e4ndnis wecken, um sich in der Technikwelt besser zurechtzufinden. Wir wollen in erster Linie keine Computerprofis heranbilden, sondern digitales Wissen in die Gesellschaft tragen und Austausch f\u00f6rdern.<\/p>\n\n\n\n<p><\/p>\n\n\n\n<ul class=\"wp-block-list\"><li>Workshops<\/li><li>Stammtische<\/li><li>Vortr\u00e4ge<\/li><li>Aktionstage<\/li><\/ul>\n\n\n\n<p><strong>Wie sieht das konkret aus?<\/strong><\/p>\n\n\n\n<p>Wir bieten im Raum Dortmund regelm\u00e4\u00dfig analoge Workshops in entsprechenden R\u00e4umlichkeiten an. Ort und Termine ver\u00f6ffentlichen wir regelm\u00e4\u00dfig auf unsere Webseite. Zudem bieten wir regelm\u00e4\u00dfige Treffen f\u00fcr Interessierte und Freiwillige an.<\/p>\n\n\n\n<p><strong>Ablauf Workshop:<\/strong><\/p>\n\n\n\n<p>Hier steht die Praxis im Vordergrund und wir erarbeiten mit den Teilnehmern gemeinsam L\u00f6sungen zu einem Thema. Der L\u00f6sungsweg beinhaltet bereits didaktisch aufbereitetes Wissen, das den Transfer in den Alltag erleichtert und das Technikverst\u00e4ndnis vertieft. Die Workshopthemen beziehen sich aus den unten aufgelisteten 6 Kernthemen.<\/p>\n\n\n\n<ol class=\"wp-block-list\"><li>Beispiel: Basisverst\u00e4ndnis zu Hardware und Hardwaresteuerung<ol><li>Ziel: Hardwarekomponenten verstehen, kleine Programmiereinf\u00fchrung, Wechselwirkungen verstehen<\/li><li>Mehrwert: Smartphone, Smarthome, Kunstinstallation, Chancen und Gefahren<\/li><li>Materialien werden gestellt. Eine kleine Geb\u00fchr f\u00fcr die Hardware wird bei der Anmeldung erhoben<\/li><li>Projektunterst\u00fctzung auf der Homepage oder per Chat bzw. im Rahmen der Stammtische<\/li><\/ol><\/li><li>Beispiel: Cloudserver<ol><li>Ziel: Installation und Wartung eines kleinen Servers<\/li><li>Mehrwert: Verst\u00e4ndnis zur technischen Umsetzung und zur Serversicherheit. Chancen und Gefahren<\/li><li>Materialien werden gestellt. Eigene Hardware kann mitgebracht werden<\/li><li>Projektunterst\u00fctzung auf der Homepage oder per Chat bzw. im Rahmen der Stammtische. Bastelserver steht bereit<\/li><\/ol><\/li><li>Beispiel: Privatsph\u00e4re im Internet anhand von Browsereinstellungen<ol><li>Ziel: Verst\u00e4ndnis von Bedrohungen im Internet anhand der Browsereinstellung: Firefox<\/li><li>Mehrwert: Wert der Privatsph\u00e4re und Grenzen, Verst\u00e4ndnis der Technik zur Datensammlung, Selbsterm\u00e4chtigung durch technisches Wissen<\/li><li>Materialien werden gestellt. Eigene Hardware kann mitgebracht werden<\/li><li>Projektunterst\u00fctzung auf der Homepage oder per Chat bzw. im Rahmen der Stammtische. <\/li><\/ol><\/li><\/ol>\n\n\n\n<p><\/p>\n\n\n\n<p>Ablauf Treffen:<\/p>\n\n\n\n<p>Wir treffen uns regelm\u00e4\u00dfig am &#8230; in &#8230; zu einer formlosen Diskussionsrunde. Oft wird ein kurzes Thema (Jour fixe) vorbereitet und im Anschluss diskutiert. Hier planen und bereiten wir zudem unserer Fortbildungen und Aktionen vor. F\u00fcr Snack und Getr\u00e4nke ist gesorgt.<\/p>\n\n\n\n<p><strong>Kernthemen unserer Fortbildungen<\/strong> (muss noch \u00fcberarbeitet werden)<\/p>\n\n\n\n<ol class=\"wp-block-list\"><li><strong>Selbstverst\u00e4ndnis, Teilhabe und Selbsterm\u00e4chtigung:<\/strong><\/li><\/ol>\n\n\n\n<ul class=\"wp-block-list\"><li>Computer- und (Elektro-)Technik-Grundwissen (FOSS, L\u00f6ten, E-Technik)<\/li><li>Maker-Projekte f\u00fcr den Alltag (Themenspezifisch: z.B. KI-Roboter-Auto; Aufgabenspezifisch: z.B. Bew\u00e4sserungsanlage, Feinstaubmessung)<\/li><li>Schulprojekte (Bastelprojekte, Sicherheit, Medienkompetenz)<\/li><li>Allg. Medienkompetenz (Wie funktioniert: Internet, Soziale Medien \u2026, Wissenschaft\/ Statistik f\u00fcr Einsteiger, Literaturrecherche, Rechtliches)<\/li><li>Programmieren f\u00fcr Frauen und Kinder<\/li><\/ul>\n\n\n\n<p><strong>2. Maker\/ Hardwarebasteln:<\/strong><\/p>\n\n\n\n<ul class=\"wp-block-list\"><li>Lernen durch Bastelprojekte z.B. an Schulen, in praktischen Workshops<\/li><li>Steuerung durch Software<\/li><li>Konkrete Projekte f\u00fcr Vereine<\/li><li>Programmierkurse f\u00fcr Einsteiger<\/li><li>Raspi, Calliope \u2026<\/li><\/ul>\n\n\n\n<p><strong>3. F\u00f6rderung von Privatsph\u00e4re, digitaler Sicherheit und Demokratie:<\/strong><\/p>\n\n\n\n<ul class=\"wp-block-list\"><li>Privacy (Ich habe nichts zu verbergen, \u00dcberwachung, Selbstschutz, Medienkompetenz)<\/li><li>siehe Surveillance Self-Defense<\/li><li>siehe Digitalcourage<\/li><\/ul>\n\n\n\n<p><strong>4. Einsatz freier Software im Alltag und bei ehrenamtlicher T\u00e4tigkeit: (Hilfe zur Selbsthilfe)<\/strong><\/p>\n\n\n\n<ul class=\"wp-block-list\"><li>Lehre zum praktischen Einsatz<\/li><li>Software-Sets f\u00fcr Alltag, Schule, Homeoffice<\/li><li>Schule: Cloud-Speicher, Kalender, Projektplanung, E-Mail, Sicherheit, Verschl\u00fcsselung, Videokonferenz, Formulare<\/li><li>Alltag\/ Homeoffice: siehe ct-Artikel \/ Linux-User<\/li><li>Linux f\u00fcr Nicht-Geeks, Installationstag, Arbeitesabl\u00e4ufe<\/li><li>Vereinsf\u00fchrung: Mitgliederdatenbank, Abrechnung, E-Mail, Server?, Datenaustausch, Kalender, E-Mail, Chat, News, DSGVO,<\/li><\/ul>\n\n\n\n<p><strong>5. F\u00f6rderung von Kunst und Kultur:<\/strong><\/p>\n\n\n\n<ul class=\"wp-block-list\"><li>Hardwarebasteln, eine Kunst-Installation<\/li><li>Buchhaltungssoftware f\u00fcr K\u00fcnstler<\/li><li>Ticketing<\/li><li>Homepage<\/li><\/ul>\n\n\n\n<p><strong>6. B\u00fcndelung gemeinn\u00fctziger Arbeit (lokal):<\/strong><\/p>\n\n\n\n<ul class=\"wp-block-list\"><li>Logistik, um Kr\u00e4fte zu b\u00fcndeln und Projekte am Leben zu erhalten<\/li><\/ul>\n","protected":false},"excerpt":{"rendered":"<p>Nachbarschaftshilfe auf digital: Durch Praxisangebote im Gro\u00dfraum Dortmund m\u00f6chten wir Interesse und ein grunds\u00e4tzliches Verst\u00e4ndnis wecken, um sich in der Technikwelt besser zurechtzufinden. Wir wollen in erster Linie keine Computerprofis heranbilden, sondern digitales Wissen in die Gesellschaft tragen und Austausch f\u00f6rdern. Workshops Stammtische Vortr\u00e4ge Aktionstage Wie sieht das konkret aus? Wir bieten im Raum Dortmund<a class=\"more-link\" href=\"https:\/\/nixmuss.digital\/index.php\/was-genau\/\"><span class=\"screen-reader-text\">&#8222;Was genau?&#8220;<\/span> weiterlesen<\/a><\/p>\n","protected":false},"author":2,"featured_media":0,"parent":0,"menu_order":0,"comment_status":"closed","ping_status":"closed","template":"","meta":{"footnotes":""},"class_list":["post-233","page","type-page","status-publish","hentry","entry"],"_links":{"self":[{"href":"https:\/\/nixmuss.digital\/index.php\/wp-json\/wp\/v2\/pages\/233","targetHints":{"allow":["GET"]}}],"collection":[{"href":"https:\/\/nixmuss.digital\/index.php\/wp-json\/wp\/v2\/pages"}],"about":[{"href":"https:\/\/nixmuss.digital\/index.php\/wp-json\/wp\/v2\/types\/page"}],"author":[{"embeddable":true,"href":"https:\/\/nixmuss.digital\/index.php\/wp-json\/wp\/v2\/users\/2"}],"replies":[{"embeddable":true,"href":"https:\/\/nixmuss.digital\/index.php\/wp-json\/wp\/v2\/comments?post=233"}],"version-history":[{"count":3,"href":"https:\/\/nixmuss.digital\/index.php\/wp-json\/wp\/v2\/pages\/233\/revisions"}],"predecessor-version":[{"id":503,"href":"https:\/\/nixmuss.digital\/index.php\/wp-json\/wp\/v2\/pages\/233\/revisions\/503"}],"wp:attachment":[{"href":"https:\/\/nixmuss.digital\/index.php\/wp-json\/wp\/v2\/media?parent=233"}],"curies":[{"name":"wp","href":"https:\/\/api.w.org\/{rel}","templated":true}]}}