{"id":109,"date":"2021-09-21T17:32:47","date_gmt":"2021-09-21T15:32:47","guid":{"rendered":"https:\/\/nixmuss.digital\/?page_id=109"},"modified":"2021-10-26T12:04:02","modified_gmt":"2021-10-26T10:04:02","slug":"wir","status":"publish","type":"page","link":"https:\/\/nixmuss.digital\/index.php\/wir\/","title":{"rendered":"Wir!"},"content":{"rendered":"\n<p><strong>Wir sind kein Verein, wir sind ein Projekt.<\/strong><br>Unser Projekt f\u00f6rdert das Verst\u00e4ndnis zur Funktion von Hardware und Software zur Nutzung im Alltag. Hierzu kl\u00e4ren wir \u00fcber Digitalisierung auf, lehren dessen praktische Anwendung und f\u00f6rdern den Einsatz freier Software. Wir wollen uns bewusst nicht in die vielen Onlineangebote des Internets einreihen, sondern Menschen im Raum Dortmund lokal erreichen und mit anderen Vereinen kooperieren.<\/p>\n\n\n\n<p>Wir wollen konkret praktische Fortbildungen f\u00fcr Privatpersonen und Vereine im Gro\u00dfraum Dormtund anbieten.<\/p>\n\n\n\n<p>Wir sind keine Lehrer, sondern wollen eine lokale Plattform f\u00fcr &#8222;digitale&#8220; Bildung schaffen.<\/p>\n\n\n\n<p><strong>Warum? Weil es Spa\u00df macht.<\/strong><\/p>\n\n\n\n<ul class=\"wp-block-list\"><li>F\u00f6rderung des technischen Verst\u00e4ndnisses von Menschen in nicht technischen Berufen<\/li><li>Ziel ist die Selbsterm\u00e4chtigung und Teilhabe im technischen Umfeld<\/li><li>Hilfe zur Selbsthilfe durch Fortbildung, Kooperation und Anleitung<\/li><li>F\u00f6rderung des Einsatzes und Verst\u00e4ndnis freier Software<\/li><li>Bildung einer Plattform f\u00fcr digitale Bildung im Raum Dortmund<\/li><li>Kooperation mit nicht kommerziellen Vereinen und Lehreinrichtungen<\/li><li>Plattform f\u00fcr Unterst\u00fctzer ohne technischen Hintergrund (Musiker, K\u00fcnstler, G\u00e4rtner)<\/li><li>Basis ist Freiwilligkeit, Ungezwungenheit, Spa\u00df und \u2026 nix muss!<\/li><\/ul>\n\n\n\n<p><strong>Was tun wir nicht:<\/strong><\/p>\n\n\n\n<ul class=\"wp-block-list\"><li>Wir bieten keine Inhalte oder stellen digitale Dienste zur Verf\u00fcgung<\/li><li>Wir sind kein Service-Anbieter<\/li><li>Wir verkaufen keine Software oder Dienstleistungen<\/li><\/ul>\n\n\n\n<p>Suchen Freiwillige: das kann jeder sein, der sich interessiert. Die beste Motivation ist Spa\u00df am Lernen.<\/p>\n","protected":false},"excerpt":{"rendered":"<p>Wir sind kein Verein, wir sind ein Projekt.Unser Projekt f\u00f6rdert das Verst\u00e4ndnis zur Funktion von Hardware und Software zur Nutzung im Alltag. Hierzu kl\u00e4ren wir \u00fcber Digitalisierung auf, lehren dessen praktische Anwendung und f\u00f6rdern den Einsatz freier Software. Wir wollen uns bewusst nicht in die vielen Onlineangebote des Internets einreihen, sondern Menschen im Raum Dortmund<a class=\"more-link\" href=\"https:\/\/nixmuss.digital\/index.php\/wir\/\"><span class=\"screen-reader-text\">&#8222;Wir!&#8220;<\/span> weiterlesen<\/a><\/p>\n","protected":false},"author":2,"featured_media":0,"parent":0,"menu_order":0,"comment_status":"closed","ping_status":"closed","template":"","meta":{"footnotes":""},"class_list":["post-109","page","type-page","status-publish","hentry","entry"],"_links":{"self":[{"href":"https:\/\/nixmuss.digital\/index.php\/wp-json\/wp\/v2\/pages\/109","targetHints":{"allow":["GET"]}}],"collection":[{"href":"https:\/\/nixmuss.digital\/index.php\/wp-json\/wp\/v2\/pages"}],"about":[{"href":"https:\/\/nixmuss.digital\/index.php\/wp-json\/wp\/v2\/types\/page"}],"author":[{"embeddable":true,"href":"https:\/\/nixmuss.digital\/index.php\/wp-json\/wp\/v2\/users\/2"}],"replies":[{"embeddable":true,"href":"https:\/\/nixmuss.digital\/index.php\/wp-json\/wp\/v2\/comments?post=109"}],"version-history":[{"count":2,"href":"https:\/\/nixmuss.digital\/index.php\/wp-json\/wp\/v2\/pages\/109\/revisions"}],"predecessor-version":[{"id":237,"href":"https:\/\/nixmuss.digital\/index.php\/wp-json\/wp\/v2\/pages\/109\/revisions\/237"}],"wp:attachment":[{"href":"https:\/\/nixmuss.digital\/index.php\/wp-json\/wp\/v2\/media?parent=109"}],"curies":[{"name":"wp","href":"https:\/\/api.w.org\/{rel}","templated":true}]}}