{"id":100,"date":"2021-09-21T17:31:23","date_gmt":"2021-09-21T15:31:23","guid":{"rendered":"https:\/\/nixmuss.digital\/?page_id=100"},"modified":"2021-12-02T17:45:53","modified_gmt":"2021-12-02T16:45:53","slug":"wann","status":"publish","type":"page","link":"https:\/\/nixmuss.digital\/index.php\/wann\/","title":{"rendered":"Wann?"},"content":{"rendered":"\n<p><a href=\"https:\/\/nixmuss.digital\/index.php\/kursbuchung\/\" data-type=\"URL\" data-id=\"https:\/\/nixmuss.digital\/index.php\/kursbuchung\/\"><strong>F\u00fcr den Dezember sind keine Kurse aufgrund der aktuellen Pandemielage geplant.<\/strong><\/a><a href=\"https:\/\/nixmuss.digital\/index.php\/kursbuchung\/\" data-type=\"URL\" data-id=\"https:\/\/nixmuss.digital\/index.php\/kursbuchung\/\"><\/a><\/p>\n\n\n\n<figure class=\"wp-block-image size-full\"><img loading=\"lazy\" decoding=\"async\" width=\"1024\" height=\"331\" src=\"https:\/\/nixmuss.digital\/wp-content\/uploads\/2021\/12\/senioren_workshop1024px.jpg\" alt=\"\" class=\"wp-image-463\" srcset=\"https:\/\/nixmuss.digital\/wp-content\/uploads\/2021\/12\/senioren_workshop1024px.jpg 1024w, https:\/\/nixmuss.digital\/wp-content\/uploads\/2021\/12\/senioren_workshop1024px-300x97.jpg 300w, https:\/\/nixmuss.digital\/wp-content\/uploads\/2021\/12\/senioren_workshop1024px-768x248.jpg 768w\" sizes=\"auto, (max-width: 1024px) 100vw, 1024px\" \/><\/figure>\n\n\n\n<p><strong>Hier findest Du unsere n\u00e4chsten Treffen und Veranstaltungen<\/strong><\/p>\n\n\n\n<p><strong>Offene Treffen 2021<\/strong><\/p>\n\n\n\n<figure class=\"wp-block-table\"><table><tbody><tr><td><strong>Treffen<\/strong><\/td><td><strong>Thema\/ Bemerkung<\/strong><\/td><td><strong>Ort<\/strong><\/td><td><strong>Datum<\/strong><\/td><td><strong>Uhrzeit<\/strong><\/td><td>Anmeldung erforderlich<\/td><\/tr><tr><td>Hack-N-Snack<\/td><td>Der Sinn von Heisskleber im USB-Port<\/td><td>PINGB\u00fcro &#8230;<\/td><td>11.11.2021<\/td><td>ab 18:30<\/td><td>nein<\/td><\/tr><tr><td>Vorbereitung<\/td><td>Workshop zu Keystudio, Anschaffungen, Helfer<\/td><td>Luups-Dortmund&#8230;<\/td><td>23.11.2021<\/td><td>ab 19:00 Uhr<\/td><td>nein<\/td><\/tr><tr><td>Nachbesprechung<\/td><td>Kooperationstreffen FOSS-AG<\/td><td>conf.ping.de (online)<\/td><td>06.12.2021<\/td><td>ab 18:00 Uhr<\/td><td>ja<\/td><\/tr><\/tbody><\/table><figcaption>Bei Anmeldepflicht bitte eine E-Mail an info@nixmuss.digital<\/figcaption><\/figure>\n\n\n\n<p><\/p>\n\n\n\n<p><strong>Workshops 2021<\/strong><\/p>\n\n\n\n<figure class=\"wp-block-table\"><table><tbody><tr><td><strong>Thema<\/strong><\/td><td><strong>Kernbereich\/ Level<\/strong><\/td><td><strong>Inhalt<\/strong><\/td><td><strong>Ort<\/strong><\/td><td><strong>Datum<\/strong><\/td><td><strong>Uhrzeit<\/strong><\/td><td>Anmeldung <\/td><\/tr><tr><td>Keystudio<\/td><td>Maker\/ Einsteiger<\/td><td>Hardwarebastelprojekt mit kleiner Programmiereinf\u00fchrung<br>Die Sets des <a href=\"https:\/\/www.keyestudio.com\/products\/keyestudio-micro%EF%BC%9Abit-mini-smart-turtle-robot-car-for-stem-microbit-robot-\" data-type=\"URL\" data-id=\"https:\/\/www.keyestudio.com\/products\/keyestudio-micro%EF%BC%9Abit-mini-smart-turtle-robot-car-for-stem-microbit-robot-\">Keystudio <\/a>werden von uns gestellt) <br>Ablauf:<br>&#8211; Aufbau und erl\u00e4uterung der Komponenten<br>&#8211; Anschluss an PC<br>&#8211; Kurzeinf\u00fchrung in das Interface (Erkl\u00e4rung)<br>&#8211; Kurzeinf\u00fchrung in die Programmierung<br>&#8211; Praktische Beispiele<\/td><td>PINGB\u00fcro &#8230;<\/td><td>12.11.2021<\/td><td>ab 15:00<\/td><td>hier<\/td><\/tr><tr><td><\/td><td><\/td><td><\/td><td><\/td><td><\/td><td><\/td><td><\/td><\/tr><tr><td><\/td><td><\/td><td><\/td><td><\/td><td><\/td><td><\/td><td><\/td><\/tr><\/tbody><\/table><figcaption>Projekte mit kommerzielle Produkten setzen wir aus rein praktischen Gr\u00fcnden ein. Wir unterliegen keinem Interessenskonflikt.<\/figcaption><\/figure>\n\n\n\n<p><\/p>\n","protected":false},"excerpt":{"rendered":"<p>F\u00fcr den Dezember sind keine Kurse aufgrund der aktuellen Pandemielage geplant. Hier findest Du unsere n\u00e4chsten Treffen und Veranstaltungen Offene Treffen 2021 Treffen Thema\/ Bemerkung Ort Datum Uhrzeit Anmeldung erforderlich Hack-N-Snack Der Sinn von Heisskleber im USB-Port PINGB\u00fcro &#8230; 11.11.2021 ab 18:30 nein Vorbereitung Workshop zu Keystudio, Anschaffungen, Helfer Luups-Dortmund&#8230; 23.11.2021 ab 19:00 Uhr nein<a class=\"more-link\" href=\"https:\/\/nixmuss.digital\/index.php\/wann\/\"><span class=\"screen-reader-text\">&#8222;Wann?&#8220;<\/span> weiterlesen<\/a><\/p>\n","protected":false},"author":2,"featured_media":0,"parent":0,"menu_order":0,"comment_status":"closed","ping_status":"closed","template":"","meta":{"footnotes":""},"class_list":["post-100","page","type-page","status-publish","hentry","entry"],"_links":{"self":[{"href":"https:\/\/nixmuss.digital\/index.php\/wp-json\/wp\/v2\/pages\/100","targetHints":{"allow":["GET"]}}],"collection":[{"href":"https:\/\/nixmuss.digital\/index.php\/wp-json\/wp\/v2\/pages"}],"about":[{"href":"https:\/\/nixmuss.digital\/index.php\/wp-json\/wp\/v2\/types\/page"}],"author":[{"embeddable":true,"href":"https:\/\/nixmuss.digital\/index.php\/wp-json\/wp\/v2\/users\/2"}],"replies":[{"embeddable":true,"href":"https:\/\/nixmuss.digital\/index.php\/wp-json\/wp\/v2\/comments?post=100"}],"version-history":[{"count":8,"href":"https:\/\/nixmuss.digital\/index.php\/wp-json\/wp\/v2\/pages\/100\/revisions"}],"predecessor-version":[{"id":464,"href":"https:\/\/nixmuss.digital\/index.php\/wp-json\/wp\/v2\/pages\/100\/revisions\/464"}],"wp:attachment":[{"href":"https:\/\/nixmuss.digital\/index.php\/wp-json\/wp\/v2\/media?parent=100"}],"curies":[{"name":"wp","href":"https:\/\/api.w.org\/{rel}","templated":true}]}}